ppose -m = -3*p + h, -3*p = -m - 2*p - 1. Suppose 2*w = -8, 2*w - m*w - 123 = -v. List the prime factors of v.
5, 23
Let s(l) = -l**2 + 12*l + 3. Let x be s(12). Suppose -x*c = 0, -2*z = -4*z - 3*c + 684. What are the prime factors of z?
2, 3, 19
List the prime factors of (3939 + 1 - (18 - 30)) + -9.
3943
Let q = 3971 + 2455. Suppose -3948 = -21*t + q. What are the prime factors of t?
2, 13, 19
Let t(h) = 9*h + 4. Let k = 93 - 182. Let a = k - -104. List the prime factors of t(a).
139
Let s(c) = -c**3 - 11*c**2 + 9*c + 32. Let a be 3680/(-260) - 4/(-26). What are the prime factors of s(a)?
2, 13, 19
Suppose 14*l - 20316 = 21614. List the prime factors of l.
5, 599
Suppose -4*j = b - 30, 3*j + b - 12 = 10. List the prime factors of 940 + 148/52 + j/52.
23, 41
Suppose -19*o - 27*o - 14*o = -236280. What are the prime factors of o?
2, 11, 179
Let j = 1746 + -955. What are the prime factors of j?
7, 113
Let c(k) = k**2 - 6*k - 3. Let b be c(7). Suppose 2*l - b*j - 29 = 13, -59 = -4*l + 3*j. Let f(i) = 2*i**2 - 6*i - 32. List the prime factors of f(l).
2, 3
Let w(d) = -2*d**2 + 16*d - 11. Let g be w(7). Suppose -g*l = p - 8*l + 4, -3 = -3*l. Suppose -v = -17 - p. What are the prime factors of v?
2, 3
Let h(k) = k**2 - 12*k + 44. Let i = -328 + 315. List the prime factors of h(i).
3, 41
Let q = 808 + -549. Suppose -1069 + q = -2*a. Suppose 3*k + 114 = a. What are the prime factors of k?
97
Suppose -2*r + 3*w - 400 = -2335, w + 970 = r. Suppose 11*n - r = 6*n. Let f = 274 - n. List the prime factors of f.
79
Let f be (-9590)/(-595) - (-1 - (-19)/17). Let v(q) = -q**3 + 27*q**2 - 51*q - 27. List the prime factors of v(f).
1973
Let v(p) be the first derivative of 7*p**3/3 + 7*p**2 - 17*p + 12. Let b be v(7). Let y = -285 + b. List the prime factors of y.
139
Let s(u) = -10*u + 393. Let q be s(39). Suppose -a + 272 = 92. Suppose 3*j + q*j = a. List the prime factors of j.
2, 3, 5
Let v = 46745 - 26287. What are the prime factors of v?
2, 53, 193
List the prime factors of (-3)/6*(16 - -114053)*(-4)/6.
47, 809
Let g(w) = -6*w**3 - 109*w**2 - 60*w - 7. List the prime factors of g(-21).
2, 5, 7
Suppose -5*h - 1412 - 968 = -2*i, 0 = -3*i - 2*h + 3608. Suppose 0 = -5*v + 10*v - i. Suppose v = 2*x + 4*x. What are the prime factors of x?
2, 5
Let y(c) = c**2 + 9*c - 9. Let k be y(-10). Let i be ((-458)/(-2))/(0 - k). Let j = -158 - i. What are the prime factors of j?
71
Let f be (-130)/39*3/(-2). Let l be ((-72)/40 + 5)/(1/f). Suppose -25 = -i + l. What are the prime factors of i?
41
Let n(f) = 2*f - 2 + 0*f**2 + 2*f**2 + 7. Let u(x) = -2*x**2 + 145*x + 1749. Let i be u(83). What are the prime factors of n(i)?
89
Suppose -67281 = -4*x + 25*r - 26*r, x + 2*r - 16815 = 0. What are the prime factors of x?
3, 7, 89
Suppose 15 = 4*o - 5. Suppose 1047 = n + o*u - 9*u, -3*n + 3151 = -2*u. What are the prime factors of n?
1051
Let b(d) = 1620*d - 261. List the prime factors of b(5).
3, 13, 67
Let i(r) = 135*r**3 + 8*r**2 - 9*r + 32. List the prime factors of i(6).
2, 14713
Suppose 25*f - 221216 = -7*f. What are the prime factors of f?
31, 223
Let y be (-14788)/2 - (-72)/8. List the prime factors of (13 - 5)*(y/10)/(-7).
2, 211
Suppose 1652 = 11*x - 625. List the prime factors of x.
3, 23
Let d be 6 - (13 + -339) - (1 + 0). Let l = d - -32. What are the prime factors of l?
3, 11
Let a = 18 + 10. Suppose a*g - 27*g - 246 = 0. Let n = g - 51. List the prime factors of n.
3, 5, 13
Let r = 175 + -177. What are the prime factors of r/(-6) - (-512)/3?
3, 19
Suppose -16*x + 634 + 150 = 0. Suppose -k + 213 = 2*y + 2*k, 0 = -2*y - 2*k + 214. Let c = y - x. List the prime factors of c.
59
Let x(h) = -274*h + 2. Let d be x(-1). Let g = -57 + 60. Let f = d - g. List the prime factors of f.
3, 7, 13
Let s(r) = 40*r + 28*r + 13*r. Let c be s(3). Let t = -44 + c. List the prime factors of t.
199
Let q = -23965 - -40281. List the prime factors of q.
2, 4079
Suppose -4*u + 4207 + 1625 = 0. Suppose -45*l = -42*l - u. List the prime factors of l.
2, 3
Suppose -1081*v + 1076*v + 15240 = -19785. List the prime factors of v.
3, 5, 467
Suppose -4*s = 3*u - 39957, -4*u = 4*s - 53367 + 87. List the prime factors of u.
3, 4441
Suppose -5*k + h = -3013 - 698, -16 = -4*h. Suppose -k + 4681 = 11*g. What are the prime factors of g?
2, 179
Suppose -47282 = -g + 1934*m - 1924*m, -2*m + 94630 = 2*g. List the prime factors of g.
2, 2957
Let m(a) = 8*a**2 + 69*a + 13. What are the prime factors of m(18)?
3847
What are the prime factors of (59631/(-156))/(1/(-76))?
11, 19, 139
Let k(h) = -17 - 1298*h - 44 + 1232*h. List the prime factors of k(-10).
599
Let s(z) = -8*z**2 + 5*z**2 + 6*z**2 - 1 + 2 - z. Let d be s(1). Suppose 3*i - 43 = -n, 0 = d*i - 6*i + 9. What are the prime factors of n?
2, 17
Let w be (-6)/18*(1 + -4). Suppose g = -3*c - 593, -4*c + 1799 = -3*g - 9*c. List the prime factors of ((g/(-12))/w)/(1/3).
2, 19
Let z = -71897 + 104670. What are the prime factors of z?
13, 2521
Let p = 43869 + -25832. What are the prime factors of p?
17, 1061
Suppose 4*c - 100 = -0*c. Suppose -c*n + 28*n = 0. What are the prime factors of (-4 + 1)*(n + -4)*4?
2, 3
Let o be 3 - 2/(4 + -6). Suppose 0 = -i - o, d = 6*i - 2*i + 16. Suppose 3*u = 4*j + 4*u - 196, d = 5*u. What are the prime factors of j?
7
Let y = 5472 - 2151. What are the prime factors of y?
3, 41
Suppose 0 = -d - d - 112. Let t = d + 94. Suppose -2*z + 2*k + 37 = -k, 0 = -3*z + k + t. What are the prime factors of z?
11
Let g be (-2)/(-3) + (-4)/6. Let a(s) = -8*s**3 + 2*s**2 + 2. Let j(v) = -15*v**3 + 5*v**2 + 314. Let i(p) = -2*a(p) + j(p). List the prime factors of i(g).
2, 5, 31
Suppose 33*k - 364987 = 22*k - 12*k. What are the prime factors of k?
7, 2267
Suppose 102*k - 876842 = 84243 + 236395. List the prime factors of k.
2, 5, 587
Suppose -3*u + 41541 + 65600 = d, -178535 = -5*u + 5*d. What are the prime factors of u?
2, 3, 31
Let c(x) = -x**3 - x**2 - x + 162. Suppose 13 = -t + 11. Let d(h) = -h**2 - h + 2. Let m be d(t). What are the prime factors of c(m)?
2, 3
Let k(l) = -l**3 - 2*l**2 - 4*l - 5. Let g be k(-2). Suppose -5*j + 10 = -0*j. Suppose 0 = -u + 4*p - p + 37, 0 = g*u - j*p - 125. List the prime factors of u.
43
Let u(t) = 719*t**3 - 26*t**2 + 36*t + 10. What are the prime factors of u(4)?
2, 22877
Suppose n + 2*t - 17488 = 0, 7*t - 10*t = n - 17484. List the prime factors of n.
2, 3
Suppose v + 6 = 7. Let x be ((-16)/(3 + v))/((-8)/28). What are the prime factors of -98*((-12)/x + 0)?
2, 3, 7
Let l = -62 - -74. Suppose -1453 = -l*r + 359. List the prime factors of r.
151
Suppose 4*q - 8*q = -512. Suppose -26*t = -24*t + 92. Let c = t + q. List the prime factors of c.
2, 41
Let y = -52 + 54. Suppose -2*g + 4*d = -820, -y*g + 2*d = -3*d - 823. List the prime factors of g.
2, 101
What are the prime factors of 108/(-45)*(-30)/(-12) - (-1 + -18426)?
13, 109
Let d be -4 + 9/(27/348). Suppose -f + 92 = a + 2*a, a = f - d. What are the prime factors of f?
107
Let r(d) = -3*d**2 + 4 + 65*d + 0*d**2 + 4*d**2 - 46*d. Let z be r(-19). Suppose 0*i + 463 = 3*c - 2*i, -161 = -c + z*i. What are the prime factors of c?
3, 17
Suppose 5*k + 110 = -4*v, -3*k + 4*v = 8*v + 74. Let y(t) = t**2 + 15*t + 16. What are the prime factors of y(k)?
2, 5, 7
Let v = -356 - -2481. Suppose 3*a = -i - 0*i + 2128, -3*a = -2*i - v. What are the prime factors of a?
709
Suppose 959 = -13*r + 5366. Let p = r + -181. Let a = p + -87. List the prime factors of a.
71
What are the prime factors of 9/((-495)/10) - 976374/(-198)?
4931
Let d(f) = -f**3 + 35*f**2 + 70*f - 1885. What are the prime factors of d(34)?
13, 127
Let r be ((-1 - 7) + 3)/((-4)/68). Let c = 88 - r. Suppose -c*y - y = -404. List the prime factors of y.
101
What are the prime factors of (172828/3)/(78/351 + (-8)/(-18))?
2, 43207
Let a be 154/(-847) + 4/22. Suppose 7*c = -a*c + 11949. What are the prime factors of c?
3, 569
Let i(v) = 2*v**2 + 14*v + 415. What are the prime factors of i(35)?
5, 11, 61
Suppose 0 = -4*d + 3*d - 3. List the prime factors of (806 - -7) + (-5)/d*-3.
2, 101
Suppose 4*y = -5*g + 115, 23 = 2*y - 5*g - 12. Suppose 15 = 7*i - 2*i. Suppose -4*o + 152 = 4*c, -5*c - i*o + y = -161. What are the prime factors of c?
2, 3
Let f = 14258 + -11318. List the prime factors of f.
2, 3, 5